{"id":2100,"date":"2015-07-13T23:45:52","date_gmt":"2015-07-13T23:45:52","guid":{"rendered":"https:\/\/www.glup.ibername.com\/?page_id=13"},"modified":"2025-04-01T21:01:35","modified_gmt":"2025-04-01T20:01:35","slug":"quem-somos","status":"publish","type":"page","link":"https:\/\/www.glup.pt\/web\/?page_id=2100","title":{"rendered":"O Gr\u00e3o Mestre"},"content":{"rendered":"\n<h5 class=\"wp-block-heading\">Miguel Campinos Po\u00e7as, eleito em 04 de Janeiro e instalado no cargo de G\u2234 M\u2234 em 11 de Janeiro de 2025<\/h5>\n\n\n<div class=\"wp-block-image\">\n<figure class=\"alignright size-large is-resized\"><img fetchpriority=\"high\" decoding=\"async\" src=\"https:\/\/www.glup.pt\/web\/wp-content\/uploads\/2025\/03\/miguel_pocas.png\" alt=\"\" class=\"wp-image-3820\" width=\"342\" height=\"512\"\/><\/figure><\/div>\n\n<!--\n\n<p><strong>CV Profano<\/strong><\/p>\n\n\n\n<p>Licenciado em Gest\u00e3o de Empresas, pelo ISEG, no ano de 1978, concluiu a P\u00f3s-Gradua\u00e7\u00e3o no Programa de Alta Dire\u00e7\u00e3o de Empresas, pela AESE, em 2000 e \u00e9 Doutorando em e-Planning, (Consortium universit\u00e1rio integrando a Universidade de Lisboa, a Universidade Nova de Lisboa, a Universidade de Arquitetura e a Universidade de Aveiro). Entre 1978 e 1992, foi gerente do CEO \u2013 Centro de Estudos e Organiza\u00e7\u00e3o de Empresas e Diretor Financeiro de diversas entidades: COPENAVE \u2013 Associa\u00e7\u00e3o dos Armadores da Pesca de Bacalhau, Boliden Intertrade Portugal, ELF Aquitaine (Portugal). De 1983 a 2008, foi Administrador n\u00e3o executivo e depois da Comiss\u00e3o Executiva do CEDINTEC \u2013 Centro para o Desenvolvimento e Inova\u00e7\u00e3o Tecnol\u00f3gicos, tendo representado o organismo, enquanto Diretor, no CNE \u2013 Centro Nacional de Embalagem e no CPD \u2013 Centro de Portugu\u00eas de Design. \u00c9, desde 2006, Administrador \u00danico da FAVVUS IT HR, SA. Foi docente na Escola ib\u00e9rica de Neg\u00f3cios EUDEM, em Lisboa, Porto e Santander, entre os anos de 2006 a 2010.<\/p>\n\n\n\n<p><strong>CV Ma\u00e7\u00f3nico<\/strong><\/p>\n\n\n\n<p>Iniciado na Loja \u201cO Futuro\u201d do Grande Oriente Lusitano, em 18\/05\/1978 e exaltado a Mestre, em 1980, ano em foi representante \u00e0 Grande Dieta do Grande Oriente Lusitano (GOL), pela Loja \u201cO Futuro\u201d. Eleito Vener\u00e1vel Mestre desta Loja, desempenhou a fun\u00e7\u00e3o durante dois mandatos: 1982\/1983 e 1983\/84.<\/p>\n\n\n\n<p>Entre 1981 e 1984, nas entidades perten\u00e7as do GOL, desempenhou os cargos de:<\/p>\n\n\n\n<ul class=\"wp-block-list\"><li>Diretor da Escola Oficina n\u00ba 1;<\/li><li>Diretor do Asylo de S. Jo\u00e3o.<\/li><\/ul>\n\n\n\n<p>Coliderou, com o cargo de Grande Secret\u00e1rio, a sa\u00edda do GOL, com Fernando Teixeira, Victor Marques, \u00c1lvaro de Atha\u00edde, Ant\u00f3nio Cardoso Alves e Fern\u00e3o Vicente, concretizada em 14 de novembro de 1984, o que levou posteriormente \u00e0 cria\u00e7\u00e3o, em 22 de Fevereiro de 1985, da GLP \u2013 Grande Loja de Portugal, de que \u00e9 o primeiro Grande Secret\u00e1rio. Foi ainda membro fundador de:<\/p>\n\n\n\n<ul class=\"wp-block-list\"><li>Distrito de Portugal da GLNF \u2013 Grande Loge Nationale Fran\u00e7aise, em junho de 1990, com o cargo de Grande Guardi\u00e3o do Templo;<\/li><li>GLRP \u2013 Grande Loja Regular de Portugal, em junho de 1991, com o cargo de Grande Diretor de Cerim\u00f3nias.<\/li><\/ul>\n\n\n\n<p>Durante o seu percurso ma\u00e7\u00f3nico, foi membro fundador e desempenhou diversas fun\u00e7\u00f5es em Lojas em todo o territ\u00f3rio nacional, designadamente, a Quinto Imp\u00e9rio, a Porto do Graal, a Egit\u00e2nia, a Luz do Norte.<\/p>\n\n\n\n<p>Durante dois mandatos, de 1992 a 1994, foi Vener\u00e1vel Mestre da Loja Affonso Domingues e, por Decreto do Gr\u00e3o Mestre Fernando Teixeira, esta Loja foi respons\u00e1vel, em exclusivo, por todas as inicia\u00e7\u00f5es, eleva\u00e7\u00f5es e exalta\u00e7\u00f5es da GLRP por um per\u00edodo de ano e meio.<\/p>\n\n\n\n<p>Funda a Loja Merc\u00fario, em junho de 1996, de que foi o primeiro Vener\u00e1vel, com o objetivo de ser uma Loja de Comunica\u00e7\u00e3o, ao servi\u00e7o do futuro GM, na sequ\u00eancia da interrup\u00e7\u00e3o volunt\u00e1ria de mandato de Fernando Teixeira (das sete Lojas em que foi VM, esta foi a \u00fanica em que liderou a sua cria\u00e7\u00e3o; em todas as outras em que aceitou desempenhar o cargo, f\u00ea-lo a pedido dos Irm\u00e3os ou do Gr\u00e3o Mestre de ent\u00e3o).<\/p>\n\n\n\n<p>Fez parte do grupo de conce\u00e7\u00e3o de:<\/p>\n\n\n\n<ul class=\"wp-block-list\"><li>pend\u00e3o da GLRP, pintado, a seu pedido, por Francisco Vaz;<\/li><li>tape\u00e7aria de arraiolos, desenho adaptado do pend\u00e3o.<\/li><\/ul>\n\n\n\n<p>Foi fundador e:<\/p>\n\n\n\n<ul class=\"wp-block-list\"><li>Primeiro respons\u00e1vel da revista ma\u00e7\u00f3nica \u201cEntre Colunas\u201d, a cargo da Loja Mestre Affonso Domingues, de que era, \u00e0 data, Vener\u00e1vel Mestre;<\/li><li>Presidente da Associa\u00e7\u00e3o profana da GLRP, de \u00e2mbito cultural, Mestre Afonso Domingues, em 1992.<\/li><\/ul>\n\n\n\n<p>Em Setembro de 1996, foi nomeado Presidente do Congresso Internacional Ma\u00e7\u00f3nico, que juntou Gr\u00e3o Mestres, Grandes Secret\u00e1rios e demais Grandes Oficiais de todo o mundo. Na sess\u00e3o de Grande Loja subsequente desempenhou as fun\u00e7\u00f5es de Grande Diretor de Cerim\u00f3nias.<\/p>\n\n\n\n<p>Foi-lhe atribu\u00edda a primeira medalha de prata da GLRP.<\/p>\n\n\n\n<p>Entre Junho de 1991 a Setembro de 1996, por incumb\u00eancia do GM Fernando Teixeira, exerceu todas as fun\u00e7\u00f5es de Grande Oficial, \u00e0 exce\u00e7\u00e3o de Grande Tesoureiro, Grande Hospitaleiro e de Gr\u00e3o Mestre, tendo, enquanto Grande Secret\u00e1rio da GLRP e em substitui\u00e7\u00e3o do GM (por motivos de sa\u00fade), desempenhado uma atividade internacional intensa na concretiza\u00e7\u00e3o dos reconhecimentos internacionais junto das pot\u00eancias ma\u00e7\u00f3nicas regulares em v\u00e1rios pa\u00edses da Europa, nos EUA, no Brasil e na \u00cdndia.<\/p>\n\n\n\n<p>\u00c0 data da sa\u00edda de Fernando Teixeira (setembro de 1996), era Pr\u00f3-Gr\u00e3o Mestre.<\/p>\n\n\n\n<p>Em dezembro de 1996, no in\u00edcio do mandato de Nandin de Carvalho, quando dos acontecimentos que levaram \u00e0 cis\u00e3o que deu origem \u00e0 GLLP\/GLRP (constitu\u00edda em Abril de 1997), era:<\/p>\n\n\n\n<ul class=\"wp-block-list\"><li>Assistente de Gr\u00e3o Mestre;<\/li><li>Grande Embaixador;<\/li><li>Garante de Amizade com a GLNF Grande Loge Nationale Fran\u00e7aise;<\/li><li>Grande Oficial Ad-Vitam;<\/li><li>Grande Rei do Arco Real (de que foi fundador e o primeiro iniciado, em Washington. juntamente com Fernando Teixeira e Francisco Sim\u00f5es);<\/li><li>Membro do Supremo Conselho do Grau 33 (de que foi fundador, juntamente com mais 8 Irm\u00e3os, na sequ\u00eancia da consagra\u00e7\u00e3o do Supremo do Grau 33, em Washington).<\/li><\/ul>\n\n\n\n<p>A partir de janeiro 1997 e at\u00e9 dezembro de 2011, foi, junto de todos os Gr\u00e3o Mestres da GLRP (Jos\u00e9 Medeiros, Ant\u00f3nio Marques Miguel, Almiro Marques, Lib\u00e2nio Reis e Alexandre de Barahona):<\/p>\n\n\n\n<ul class=\"wp-block-list\"><li>Vice Gr\u00e3o-Mestre da GLRP (\u00e0 exce\u00e7\u00e3o de 1 dos mandatos de Ant\u00f3nio Marques Miguel, em que desempenhou as fun\u00e7\u00f5es de Grande Guardi\u00e3o do Templo);<\/li><li>Vener\u00e1vel Mestre da Loja Merc\u00fario, de 1997 a 2001;<\/li><li>Vener\u00e1vel Mestre da Jean Mons, de 2008 a 2010 (a pedido do GM de ent\u00e3o);<\/li><li>Foi-lhe atribu\u00edda, em 2010, a men\u00e7\u00e3o de ViceGr\u00e3o Mestre de Honra da GLRP.<\/li><\/ul>\n\n\n\n<p>Na GLRP, liderou a fus\u00e3o com a GLLP\/GLRP, quando Jos\u00e9 Moreno era Gr\u00e3o Mestre da GLLP\/GLRP, concretizada em sess\u00e3o de Grande Loja em Dezembro de 2011.<\/p>\n\n\n\n<p>Na GLLP\/GLRP, no per\u00edodo 2012-2014,<\/p>\n\n\n\n<ul class=\"wp-block-list\"><li>desempenhou ainda as fun\u00e7\u00f5es de:<\/li><\/ul>\n\n\n\n<ul class=\"wp-block-list\"><li>Grande Guardi\u00e3o do Templo;<\/li><li>Vener\u00e1vel Mestre da L Bocage, a pedido do GM Jos\u00e9 Moreno;<\/li><li>Vener\u00e1vel Mestre da Loja Portugalis, a primeira Loja do Rito Portugu\u00eas, consagrada em Belmonte, em 2 de maio de 2014 (Dec. 324);<\/li><li>Grande Rei do Arco Real.<\/li><li>Fez os 3 graus Cr\u00edpticos e os de Cavaleiro de Malta, da Cruz Vermelha e Templ\u00e1rio.<\/li><li>Foi nomeado Gr\u00e3o Mestre de Honra da GLLP\/GLRP em 28 de junho de 2014 (Dec. 330).<\/li><\/ul>\n\n\n\n<p>Prop\u00f4s a cria\u00e7\u00e3o do Rito Portugu\u00eas, apresentando o documento de suporte ao seu aparecimento, que est\u00e1 anexo ao decreto n\u00ba. 323, de 2 de maio de 2014, que o formalizou e estabeleceu que os Rituais ficavam sob a sua coordena\u00e7\u00e3o.<\/p>\n\n\n\n<p>Foi fundador da GLUP, Grande Loja Unida de Portugal, constitu\u00edda a 4 de julho de 2016, onde desempenhou as fun\u00e7\u00f5es de:<\/p>\n\n\n\n<ul class=\"wp-block-list\"><li>Gr\u00e3o Mestre Adjunto;<\/li><li>2\u00ba. Vice Gr\u00e3o Mestre;<\/li><li>Presidente da Assembleia Geral da Associa\u00e7\u00e3o GLUP<\/li><li>1\u00ba. Vice Gr\u00e3o Mestre.<\/li><\/ul>\n\n\n\n<p>A pedido do conjunto de Irm\u00e3os que a fundaram, exerceu as fun\u00e7\u00f5es de Vener\u00e1vel Mestre da Loja PT 7, desde o in\u00edcio de outubro de 2018 at\u00e9 junho 2021.<\/p>\n\n\n\n<p>\u00c9 eleito a 21 de Julho para assumir o cargo de Gr\u00e3o Mestre tendo sido instalado nestas fun\u00e7\u00f5es a 18 de Setembro de 2021 E\u2234 V\u2234.<\/p>\n\n-->\n","protected":false},"excerpt":{"rendered":"<p>Miguel Campinos Po\u00e7as, eleito em 04 de Janeiro e instalado no cargo de G\u2234 M\u2234 em 11 de Janeiro de 2025<\/p>\n","protected":false},"author":1,"featured_media":0,"parent":0,"menu_order":0,"comment_status":"closed","ping_status":"closed","template":"","meta":{"ub_ctt_via":"","ocean_post_layout":"","ocean_both_sidebars_style":"","ocean_both_sidebars_content_width":0,"ocean_both_sidebars_sidebars_width":0,"ocean_sidebar":"0","ocean_second_sidebar":"0","ocean_disable_margins":"enable","ocean_add_body_class":"","ocean_shortcode_before_top_bar":"","ocean_shortcode_after_top_bar":"","ocean_shortcode_before_header":"","ocean_shortcode_after_header":"","ocean_has_shortcode":"","ocean_shortcode_after_title":"","ocean_shortcode_before_footer_widgets":"","ocean_shortcode_after_footer_widgets":"","ocean_shortcode_before_footer_bottom":"","ocean_shortcode_after_footer_bottom":"","ocean_display_top_bar":"default","ocean_display_header":"default","ocean_header_style":"","ocean_center_header_left_menu":"0","ocean_custom_header_template":"0","ocean_custom_logo":0,"ocean_custom_retina_logo":0,"ocean_custom_logo_max_width":0,"ocean_custom_logo_tablet_max_width":0,"ocean_custom_logo_mobile_max_width":0,"ocean_custom_logo_max_height":0,"ocean_custom_logo_tablet_max_height":0,"ocean_custom_logo_mobile_max_height":0,"ocean_header_custom_menu":"0","ocean_menu_typo_font_family":"0","ocean_menu_typo_font_subset":"","ocean_menu_typo_font_size":0,"ocean_menu_typo_font_size_tablet":0,"ocean_menu_typo_font_size_mobile":0,"ocean_menu_typo_font_size_unit":"px","ocean_menu_typo_font_weight":"","ocean_menu_typo_font_weight_tablet":"","ocean_menu_typo_font_weight_mobile":"","ocean_menu_typo_transform":"","ocean_menu_typo_transform_tablet":"","ocean_menu_typo_transform_mobile":"","ocean_menu_typo_line_height":0,"ocean_menu_typo_line_height_tablet":0,"ocean_menu_typo_line_height_mobile":0,"ocean_menu_typo_line_height_unit":"","ocean_menu_typo_spacing":0,"ocean_menu_typo_spacing_tablet":0,"ocean_menu_typo_spacing_mobile":0,"ocean_menu_typo_spacing_unit":"","ocean_menu_link_color":"","ocean_menu_link_color_hover":"","ocean_menu_link_color_active":"","ocean_menu_link_background":"","ocean_menu_link_hover_background":"","ocean_menu_link_active_background":"","ocean_menu_social_links_bg":"","ocean_menu_social_hover_links_bg":"","ocean_menu_social_links_color":"","ocean_menu_social_hover_links_color":"","ocean_disable_title":"default","ocean_disable_heading":"default","ocean_post_title":"","ocean_post_subheading":"","ocean_post_title_style":"","ocean_post_title_background_color":"","ocean_post_title_background":0,"ocean_post_title_bg_image_position":"","ocean_post_title_bg_image_attachment":"","ocean_post_title_bg_image_repeat":"","ocean_post_title_bg_image_size":"","ocean_post_title_height":0,"ocean_post_title_bg_overlay":0.5,"ocean_post_title_bg_overlay_color":"","ocean_disable_breadcrumbs":"default","ocean_breadcrumbs_color":"","ocean_breadcrumbs_separator_color":"","ocean_breadcrumbs_links_color":"","ocean_breadcrumbs_links_hover_color":"","ocean_display_footer_widgets":"default","ocean_display_footer_bottom":"default","ocean_custom_footer_template":"0","footnotes":""},"class_list":["post-2100","page","type-page","status-publish","hentry","entry"],"featured_image_src":null,"_links":{"self":[{"href":"https:\/\/www.glup.pt\/web\/index.php?rest_route=\/wp\/v2\/pages\/2100","targetHints":{"allow":["GET"]}}],"collection":[{"href":"https:\/\/www.glup.pt\/web\/index.php?rest_route=\/wp\/v2\/pages"}],"about":[{"href":"https:\/\/www.glup.pt\/web\/index.php?rest_route=\/wp\/v2\/types\/page"}],"author":[{"embeddable":true,"href":"https:\/\/www.glup.pt\/web\/index.php?rest_route=\/wp\/v2\/users\/1"}],"replies":[{"embeddable":true,"href":"https:\/\/www.glup.pt\/web\/index.php?rest_route=%2Fwp%2Fv2%2Fcomments&post=2100"}],"version-history":[{"count":15,"href":"https:\/\/www.glup.pt\/web\/index.php?rest_route=\/wp\/v2\/pages\/2100\/revisions"}],"predecessor-version":[{"id":4202,"href":"https:\/\/www.glup.pt\/web\/index.php?rest_route=\/wp\/v2\/pages\/2100\/revisions\/4202"}],"wp:attachment":[{"href":"https:\/\/www.glup.pt\/web\/index.php?rest_route=%2Fwp%2Fv2%2Fmedia&parent=2100"}],"curies":[{"name":"wp","href":"https:\/\/api.w.org\/{rel}","templated":true}]}}