{"id":1559,"date":"2016-08-16T15:43:55","date_gmt":"2016-08-16T15:43:55","guid":{"rendered":"https:\/\/www.glup.ibername.com\/?page_id=1559"},"modified":"2020-04-22T12:10:49","modified_gmt":"2020-04-22T11:10:49","slug":"como-se-tornar-macon","status":"publish","type":"page","link":"https:\/\/www.glup.pt\/web\/?page_id=1559","title":{"rendered":"Como se tornar Ma\u00e7on"},"content":{"rendered":"\n<h4 class=\"wp-block-heading\">O que ambicionamos | Grande Loja Unida de Portugal<\/h4>\n\n\n\n<p>A Grande Loja Unida de Portugal, quer que uma nova gera\u00e7\u00e3o de Ma\u00e7ons sirva Portugal e, atrav\u00e9s destes Homens, transmitir os seus princ\u00edpios e valores.<\/p>\n\n\n\n<p>A Grande Loja Unida de Portugal, sendo uma Grande Loja Regular, pugna pela pr\u00e1tica efetiva dos seus princ\u00edpios basilares &#8211; justi\u00e7a, liberdade de pensamento, solidariedade, fraternidade, verdade e honestidade. \u00c9 uma Obedi\u00eancia que pretende e trabalha segundo a tradi\u00e7\u00e3o, na sua pureza orientadora de a\u00e7\u00f5es e condutas dos respetivos membros, que se pretendem homens \u00edntegros, livres e de bons costumes.<\/p>\n\n\n\n<p>A Grande Loja Unida de Portugal, atrav\u00e9s das suas a\u00e7\u00f5es, visa difundir \u00e0s atuais e futuras gera\u00e7\u00f5es os seus valores e princ\u00edpios.<\/p>\n\n\n\n<div style=\"height:25px\" aria-hidden=\"true\" class=\"wp-block-spacer\"><\/div>\n\n\n\n<h4 class=\"wp-block-heading\">Como entrar | Como ser Ma\u00e7on<\/h4>\n\n\n\n<p>A ades\u00e3o \u00e0 Ma\u00e7onaria e \u00e0 Grande Loja Unida de Portugal deve fundamentar-se numa decis\u00e3o livre, individual e respons\u00e1vel de cada candidato, a quem apelidamos de profano.<\/p>\n\n\n\n<p>A Ma\u00e7onaria n\u00e3o pratica nenhum tipo de interfer\u00eancia, pelo que qualquer candidatura de entrada deve emanar de uma vontade expressa e de um convencimento interior do pr\u00f3prio candidato.<\/p>\n\n\n\n<p>A Grande Loja Unida de Portugal \u00e9 uma institui\u00e7\u00e3o absolutamente aberta a todos aqueles que estejam interessados em saber algo mais sobre a Ma\u00e7onaria, seja por simples curiosidade, seja porque admitem a possibilidade de solicitar a sua ades\u00e3o e ingresso. Consideramos que \u00e9 recomend\u00e1vel e desej\u00e1vel que o candidato disponha de suficiente conhecimento sobre os princ\u00edpios e finalidades da Ma\u00e7onaria para poder tomar uma decis\u00e3o livre e fundamentada.<\/p>\n\n\n\n<div style=\"height:25px\" aria-hidden=\"true\" class=\"wp-block-spacer\"><\/div>\n\n\n\n<h4 class=\"wp-block-heading\">Requisitos para ser Ma\u00e7on<\/h4>\n\n\n\n<p>Todo o candidato que pretende vir a pertencer \u00e0 Ma\u00e7onaria, ter\u00e1 que reunir os tr\u00eas requisitos seguintes:<\/p>\n\n\n\n<ol class=\"wp-block-list\"><li>Ser um cidad\u00e3o <strong>LIVRE<\/strong>, posto que a candidatura \u00e0 inicia\u00e7\u00e3o em Ma\u00e7onaria, pressup\u00f5e uma inata liberdade individual, sem qualquer tipo de press\u00e3o,  influ\u00eancia, depend\u00eancia, de qualquer tipo ou de qualquer circunst\u00e2ncia que lhe corte essa liberdade.<\/li><li>Ser um cidad\u00e3o de <strong>BONS COSTUMES<\/strong>, o mesmo \u00e9 dizer, digno de confian\u00e7a, honrado na sua vida privada, social, na sua forma de trabalhar, e de boa reputa\u00e7\u00e3o.<\/li><li><strong>ACREDITAR NA EXIST\u00caNCIA DE UM PRINCIPIO SUPERIOR E CRIADOR<\/strong>, o candidato tem de acreditar num Ente Superior, num Principio Criador de todo o Universo, a que se denomina comumente de Deus, e que os ma\u00e7ons, respeitando sempre a liberdade do individuo perante qualquer cren\u00e7a particular, denominam de Grande Arquiteto do Universo.<\/li><\/ol>\n\n\n\n<p>Para ser Ma\u00e7on, dever\u00e1 ainda ser-se Homem e ter atingido a maioridade. Importa informar que n\u00e3o existe qualquer restri\u00e7\u00e3o quanto \u00e0 nacionalidade, grupo social ou religi\u00e3o do candidato.<\/p>\n\n\n\n<p>O candidato a Ma\u00e7on deve ter capacidade de compreens\u00e3o dos conceitos filos\u00f3ficos da Ordem e dispor de uma \u201cci\u00eancia, arte, oficio, ou rendimento\u201d tal como consta da express\u00e3o dos antigos ditames da Ordem.<\/p>\n\n\n\n<div style=\"height:25px\" aria-hidden=\"true\" class=\"wp-block-spacer\"><\/div>\n\n\n\n<h4 class=\"wp-block-heading\">Procedimento de ades\u00e3o e ingresso | Tramita\u00e7\u00e3o processual<\/h4>\n\n\n\n<p>Por norma a entrada na Ma\u00e7onaria faz-se por convite de um membro que j\u00e1 seja Ma\u00e7on ou atrav\u00e9s de uma auto candidatura submetida via p\u00e1gina web da Grande Loja Unida de Portugal.<\/p>\n\n\n\n<p>O candidato pode ser assim recomendado por um membro da Loja na qual deseja entrar ou, atrav\u00e9s da internet, efetuar a sua auto candidatura solicitando diretamente a sua ades\u00e3o na Grande Loja Unida de Portugal.<\/p>\n\n\n\n<p>Ap\u00f3s a submiss\u00e3o da sua candidatura, a mesma ser\u00e1 alvo de um processo preliminar de an\u00e1lise.<\/p>\n\n\n<div class=\"ub-button orientation-button-row 1 wp-block-ub-button\" id=\"ub-button-3bef8d90-ab7a-488d-bbac-b8abc9227661\"><div >\n\t\t\t<a href=\"https:\/\/www.glup.pt\/web\/?page_id=3769\" target=\"_self\" rel=\"noopener noreferrer\" class=\"ub-button-block-main ub-button-medium  \" style=\"border-radius: 0px;--ub-button-background-color: #cf2e2e; --ub-button-color: #ffffff; --ub-button-border: none; --ub-button-hover-background-color: #313131; --ub-button-hover-color: #ffffff; --ub-button-hover-border: none; \">\n\t\t\t\t<div class=\"ub-button-content-holder\" style=\"flex-direction: row-reverse\">\n\t\t\t\t\t<span class=\"ub-button-block-btn\">Formul\u00e1rio de Candidatura<\/span>\n\t\t\t\t<\/div>\n\t\t\t<\/a>\n\t\t<\/div><\/div>\n\n\n<div style=\"height:25px\" aria-hidden=\"true\" class=\"wp-block-spacer\"><\/div>\n\n\n\n<h4 class=\"wp-block-heading\">Pertencer \u00e0 Grande Loja Unida de Portugal<\/h4>\n\n\n\n<p>O pertencer e fazer parte da Ma\u00e7onaria, implica direitos e obriga\u00e7\u00f5es:<\/p>\n\n\n\n<ul class=\"wp-block-list\"><li>Ter disponibilidade para assistir \u00e0s sess\u00f5es de Loja e aos trabalhos ma\u00e7\u00f3nicos<\/li><\/ul>\n\n\n\n<ul class=\"wp-block-list\"><li>Possuir e ter um meio de vida suficiente que permita praticar os trabalhos ma\u00e7\u00f3nicos, pagar as suas capita\u00e7\u00f5es e poder realizar, sempre que necess\u00e1rio, a\u00e7\u00f5es filantr\u00f3picas<\/li><\/ul>\n\n\n\n<ul class=\"wp-block-list\"><li>Manter uma coer\u00eancia \u00e9tica com os seus ideais, dentro e fora da Ordem<\/li><\/ul>\n\n\n\n<ul class=\"wp-block-list\"><li>Trabalhar pelo progresso moral, justi\u00e7a, toler\u00e2ncia, e pelo amor ao pr\u00f3ximo dentro de uma consci\u00eancia de retid\u00e3o.<\/li><\/ul>\n\n\n\n<ul class=\"wp-block-list\"><li>Comprometer-se com a Ordem e com os seus membros em estudar, assimilar, aprofundar e praticar os princ\u00edpios, valores, e antigos usos da Ma\u00e7onaria, com o prop\u00f3sito de realizar o legado inici\u00e1tico que lhe foi transmitido.<\/li><\/ul>\n\n\n\n<p>Qualquer membro da Ma\u00e7onaria pode apresentar a sua sa\u00edda da Ordem de forma livre, nomeadamente da sua Loja ou da Grande Loja e de forma imediata.<\/p>\n\n\n\n<p>O pertencer \u00e0 Ma\u00e7onaria n\u00e3o sup\u00f5e nenhum tipo de influ\u00eancia, vantagem material ou financeira.<\/p>\n\n\n\n<p>N\u00e3o est\u00e3o permitidas as discuss\u00f5es ideol\u00f3gicas sobre pol\u00edtica ou religi\u00e3o.<\/p>\n","protected":false},"excerpt":{"rendered":"<p>O que ambicionamos | Grande Loja Unida de Portugal A Grande Loja Unida de Portugal, quer que uma nova gera\u00e7\u00e3o de Ma\u00e7ons sirva Portugal e, atrav\u00e9s destes Homens, transmitir os seus princ\u00edpios e valores. A Grande Loja Unida de Portugal, sendo uma Grande Loja Regular, pugna pela pr\u00e1tica efetiva dos seus princ\u00edpios basilares &#8211; justi\u00e7a, [&hellip;]<\/p>\n","protected":false},"author":1,"featured_media":0,"parent":0,"menu_order":0,"comment_status":"closed","ping_status":"closed","template":"","meta":{"ub_ctt_via":"","ocean_post_layout":"","ocean_both_sidebars_style":"","ocean_both_sidebars_content_width":0,"ocean_both_sidebars_sidebars_width":0,"ocean_sidebar":"0","ocean_second_sidebar":"0","ocean_disable_margins":"enable","ocean_add_body_class":"","ocean_shortcode_before_top_bar":"","ocean_shortcode_after_top_bar":"","ocean_shortcode_before_header":"","ocean_shortcode_after_header":"","ocean_has_shortcode":"","ocean_shortcode_after_title":"","ocean_shortcode_before_footer_widgets":"","ocean_shortcode_after_footer_widgets":"","ocean_shortcode_before_footer_bottom":"","ocean_shortcode_after_footer_bottom":"","ocean_display_top_bar":"default","ocean_display_header":"default","ocean_header_style":"","ocean_center_header_left_menu":"0","ocean_custom_header_template":"0","ocean_custom_logo":0,"ocean_custom_retina_logo":0,"ocean_custom_logo_max_width":0,"ocean_custom_logo_tablet_max_width":0,"ocean_custom_logo_mobile_max_width":0,"ocean_custom_logo_max_height":0,"ocean_custom_logo_tablet_max_height":0,"ocean_custom_logo_mobile_max_height":0,"ocean_header_custom_menu":"0","ocean_menu_typo_font_family":"0","ocean_menu_typo_font_subset":"","ocean_menu_typo_font_size":0,"ocean_menu_typo_font_size_tablet":0,"ocean_menu_typo_font_size_mobile":0,"ocean_menu_typo_font_size_unit":"px","ocean_menu_typo_font_weight":"","ocean_menu_typo_font_weight_tablet":"","ocean_menu_typo_font_weight_mobile":"","ocean_menu_typo_transform":"","ocean_menu_typo_transform_tablet":"","ocean_menu_typo_transform_mobile":"","ocean_menu_typo_line_height":0,"ocean_menu_typo_line_height_tablet":0,"ocean_menu_typo_line_height_mobile":0,"ocean_menu_typo_line_height_unit":"","ocean_menu_typo_spacing":0,"ocean_menu_typo_spacing_tablet":0,"ocean_menu_typo_spacing_mobile":0,"ocean_menu_typo_spacing_unit":"","ocean_menu_link_color":"","ocean_menu_link_color_hover":"","ocean_menu_link_color_active":"","ocean_menu_link_background":"","ocean_menu_link_hover_background":"","ocean_menu_link_active_background":"","ocean_menu_social_links_bg":"","ocean_menu_social_hover_links_bg":"","ocean_menu_social_links_color":"","ocean_menu_social_hover_links_color":"","ocean_disable_title":"default","ocean_disable_heading":"default","ocean_post_title":"","ocean_post_subheading":"","ocean_post_title_style":"","ocean_post_title_background_color":"","ocean_post_title_background":0,"ocean_post_title_bg_image_position":"","ocean_post_title_bg_image_attachment":"","ocean_post_title_bg_image_repeat":"","ocean_post_title_bg_image_size":"","ocean_post_title_height":0,"ocean_post_title_bg_overlay":0.5,"ocean_post_title_bg_overlay_color":"","ocean_disable_breadcrumbs":"default","ocean_breadcrumbs_color":"","ocean_breadcrumbs_separator_color":"","ocean_breadcrumbs_links_color":"","ocean_breadcrumbs_links_hover_color":"","ocean_display_footer_widgets":"default","ocean_display_footer_bottom":"default","ocean_custom_footer_template":"0","footnotes":""},"class_list":["post-1559","page","type-page","status-publish","hentry","entry"],"featured_image_src":null,"_links":{"self":[{"href":"https:\/\/www.glup.pt\/web\/index.php?rest_route=\/wp\/v2\/pages\/1559","targetHints":{"allow":["GET"]}}],"collection":[{"href":"https:\/\/www.glup.pt\/web\/index.php?rest_route=\/wp\/v2\/pages"}],"about":[{"href":"https:\/\/www.glup.pt\/web\/index.php?rest_route=\/wp\/v2\/types\/page"}],"author":[{"embeddable":true,"href":"https:\/\/www.glup.pt\/web\/index.php?rest_route=\/wp\/v2\/users\/1"}],"replies":[{"embeddable":true,"href":"https:\/\/www.glup.pt\/web\/index.php?rest_route=%2Fwp%2Fv2%2Fcomments&post=1559"}],"version-history":[{"count":20,"href":"https:\/\/www.glup.pt\/web\/index.php?rest_route=\/wp\/v2\/pages\/1559\/revisions"}],"predecessor-version":[{"id":3778,"href":"https:\/\/www.glup.pt\/web\/index.php?rest_route=\/wp\/v2\/pages\/1559\/revisions\/3778"}],"wp:attachment":[{"href":"https:\/\/www.glup.pt\/web\/index.php?rest_route=%2Fwp%2Fv2%2Fmedia&parent=1559"}],"curies":[{"name":"wp","href":"https:\/\/api.w.org\/{rel}","templated":true}]}}